 -2420 = -2*q + 1810. Suppose 465 - q = -15*o. What is the remainder when o is divided by 16?
14
Let t = -20 + -22. Calculate the remainder when ((-70)/(-49))/((-3)/t) is divided by 6.
2
Let x be -2 - (-18)/10 - (-55)/25. Suppose x*v + 3*u + 31 = 136, v - 3*u = 66. Calculate the remainder when v is divided by 15.
12
What is the remainder when 76 is divided by (-12 - -31) + -5*1 - -2?
12
Let w = -7 - -10. Let n(q) = -3*q**2 - 21*q + 23. Let r be n(-8). Let b = w + r. Calculate the remainder when 6 is divided by b.
0
Let m be 2*(-3)/21 - (-429)/7. Suppose -6*a + m = -17. Calculate the remainder when 45 is divided by a.
6
Let y(g) = 2*g**2 + 7*g + 10. Calculate the remainder when 19 is divided by y(0).
9
Suppose 48*w = 5*g + 50*w - 184, 0 = -2*g - 4*w + 80. Calculate the remainder when 64 is divided by g.
28
Let q be 1 - 3 - 8/2. Let r = q + 27. What is the remainder when 36 is divided by r?
15
Suppose 0 = -11*x + 14*x - 54. Let w = x + 33. What is the remainder when w is divided by 13?
12
Suppose -24*g + 12*g = -408. Suppose 0*q = q + 163. Let d = q + 296. What is the remainder when d is divided by g?
31
Let t(r) = -3*r - 1 + 3*r - 6*r**2 + 7*r**2 - r. Let g(c) = 2*c**2 - 2*c. Let s(q) = 4*g(q) - 5*t(q). Calculate the remainder when 19 is divided by s(2).
8
Suppose -2*b + 3*t - 3 + 82 = 0, t - 91 = -3*b. Calculate the remainder when 245 is divided by b.
21
Suppose 2*o + 0*o = 18. Suppose -c = -0*c + 5. Let w = c + 30. Calculate the remainder when w is divided by o.
7
Let n = 1 - -3. Let p = 4833 - 4815. Calculate the remainder when p is divided by n.
2
Let f = 434 - 346. What is the remainder when 350 is divided by f?
86
Calculate the remainder when 122 is divided by ((-5)/(20/6))/((-16)/96).
5
Calculate the remainder when 1/(((-6)/(-1))/(-6)) + 66 is divided by 24.
17
Let s(n) = n**2 + 7*n + 12. Let c be s(-6). Let y(i) = -4*i - 3*i**3 + 4 + c*i**3 + 3*i + 0*i**3 + 3*i**2. What is the remainder when y(3) is divided by 28?
25
Let n(d) = -3*d - 1695. Let q be n(0). Calculate the remainder when 57 is divided by q/(-55) - (-4)/22.
26
Suppose -5*n - 120 = 240. Let c = n + 39. Let x = c - -46. What is the remainder when 25 is divided by x?
12
Let v = -21 - -55. Suppose -4*n + 14 = -v. Calculate the remainder when 57 is divided by n.
9
Suppose 4*k = -3*p + 3*k + 29, 5*p = -2*k + 48. Suppose -156*q + u = -155*q - 83, 0 = 3*q - 2*u - 253. Calculate the remainder when q is divided by p.
7
Let c be 36/(-9)*(9/(-6) - -1). Suppose c*k + 2 = -8, -o = 3*k - 6. Suppose 4*r + a + a = 50, a = -r + 14. Calculate the remainder when o is divided by r.
10
Suppose -3*p + 7 = -2. Let o(m) = 3*m**2 + 6*m - 2*m - m**p + 0*m**3 + 4. Calculate the remainder when 7 is divided by o(4).
3
Suppose -4*u + 72 = -t + 12, -60 = -3*u - 3*t. What is the remainder when (-2665)/(-35) - (3 - (-27)/(-7)) is divided by u?
13
Let k = -26 - -16. Let p be (-628)/(-8) + 15/k. Let o = -41 + p. Calculate the remainder when o is divided by 13.
10
Suppose -15*b = -16*b + 3. Suppose -5*z + 9 = 2*k, -b*k = 3*z - 58 + 22. Calculate the remainder when -9*(-1 - 13/3) is divided by k.
14
Suppose -f - f = -12. Let t be (2/f)/((-2)/(-6)). Let i(b) = 14*b**2 + 2*b - 1. Calculate the remainder when i(t) is divided by 4.
3
Let b(h) = -2*h**3 + 2*h**2 - 2*h + 1. Let u be b(1). Let t = u + 1. Suppose -5*z - 10 + 90 = t. Calculate the remainder when z is divided by 5.
1
Let h = -104 - -173. What is the remainder when 219 is divided by h?
12
Let k(a) = 9*a**2 + 35*a + 45. Let v(q) = 5*q**2 + 18*q + 23. Let r(x) = -6*k(x) + 11*v(x). Calculate the remainder when 30 is divided by r(14).
8
Let n = -67 + 67. Suppose -g + 32 - 16 = n. Calculate the remainder when 125 is divided by g.
13
Suppose 0 = 4*a - 4*w - 112, 2*a - 50 - 9 = 5*w. Let r = 16 + -6. What is the remainder when ((-12)/r)/(1/(-65)) is divided by a?
24
Let f = -3 + 6. Suppose -3*l - 36 = -a - 12, 5*a - 66 = -f*l. Let o = -9 - -15. What is the remainder when a is divided by o?
3
Suppose -4*u - 4*n = 8, -7 = -3*u - 5*n - 17. Suppose -5*c + 9 + 21 = u. Let j = c - 4. Calculate the remainder when j is divided by 1.
0
Let t(m) = 4*m**2 + m**2 - 4*m**2 + 13*m**3 - m. Suppose -2*z + 175 = 5*z. What is the remainder when z is divided by t(1)?
12
Let c(m) = 37*m - 364. Let n = 203 - 76. What is the remainder when n is divided by c(11)?
41
Suppose -5*c + t + 228 = 0, -4*c + 141 = -c - 2*t. What is the remainder when 216 is divided by c?
36
Calculate the remainder when (6*(-1274)/112)/((-9)/12) is divided by 18.
1
Let n(b) = b**2 - 3*b + 7. Let v(r) = -10*r + 1. Let o be v(1). Let y = o - -16. What is the remainder when 104 is divided by n(y)?
34
Suppose -3*w = 2*d - 16, -9 + 42 = 4*w + 5*d. Suppose 4*b + b - 10 = 0. Calculate the remainder when b is divided by w.
0
Let g = -7 + 10. Let v(p) = g*p**2 - 1 + 1 - p**2 + p + 2. What is the remainder when v(-2) is divided by 5?
3
Suppose -38*n = -35*n - 687. What is the remainder when n is divided by 21?
19
Let z = 132 + -94. Let q be 20 + (4 - 6/2). Suppose q*n - 23*n = -20. Calculate the remainder when z is divided by n.
8
Let g = 101 - 87. Let d = -23 + 32. What is the remainder when 363/d - (-1)/(-3) is divided by g?
12
Let p = 659 - 555. Calculate the remainder when 1767 is divided by p.
103
Let b(m) = 86*m - 2. Let p be b(1). Suppose 3*r - u - 96 = 0, -r = 2*r + 3*u - p. Let f = r - 2. Calculate the remainder when 113 is divided by f.
26
Suppose -2*u + 14 = 4*i, -u + 5*i + 2 = 3*u. Let h(l) = -l + 4. Let y be h(u). Let v = y + 15. What is the remainder when 63 is divided by v?
15
Let w(b) = 3*b + 1. Let o be w(1). Suppose 0 = -k + o*k - 15. Suppose -k*c - t + 39 + 18 = 0, 2*c - 5*t - 12 = 0. What is the remainder when 21 is divided by c?
10
Suppose -2*s + 4*s = -y + 16, -55 = -3*y + s. What is the remainder when 53 is divided by y?
17
Let w(b) = -b**2 + b + 4. Let n be w(-3). Calculate the remainder when -1 + (-948)/n - 2/4 is divided by 30.
27
Let g(k) = -k**2 - 24*k - 59. Suppose b = -5*x + 26, 8 + 51 = 4*b + 5*x. What is the remainder when g(-15) is divided by b?
10
Suppose -18*j + 10065 = 633. What is the remainder when j is divided by 105?
104
Suppose m = -2*f + 176, f + 2*f = 3*m + 255. What is the remainder when f is divided by 18?
15
Let r be (8/(-32))/(1/4). Suppose 0 = -2*n + 3*m + 35, 5*n + m - 40 = 5. What is the remainder when n is divided by (-1 + -2)*r - -1?
2
Let p = 289 - 249. Let q = -11 - -20. Suppose -5*j = -61 - q. Calculate the remainder when p is divided by j.
12
Suppose -2*c - 30 = -7*c. Let j(l) = 6*l + 11. Suppose 12 = 117*x - 116*x. What is the remainder when j(c) is divided by x?
11
Suppose 0 = -8*i - 242 - 134. Let n = 106 + i. Let t = -14 + n. Calculate the remainder when t is divided by 12.
9
Suppose -1478 = -5*a - s - 85, -565 = -2*a - 3*s. Calculate the remainder when a is divided by 73.
59
Suppose -3*v = 4*t - 138, -72 = -2*t - 4*v + v. Let z = 229 - 98. What is the remainder when z is divided by t?
32
Calculate the remainder when (((-36)/(-2))/(-3))/(2/(-12)) is divided by 22.
14
Calculate the remainder when -27 + 83 + (-2)/(-2) is divided by 41.
16
Let o = 256 - 219. Calculate the remainder when 217 is divided by o.
32
Let v(j) = 0*j + j + j**2 - 2*j - 6. Let u be 22/(-4) + 1 + 148/296. What is the remainder when 26 is divided by v(u)?
12
Let g(r) = -r**2 - 24*r - 49. Let l be g(-22). Let v = -79 + 53. Let d = l - v. Calculate the remainder when d is divided by 11.
10
Let i(q) be the third derivative of q**6/120 - q**5/3 + 3*q**4/4 + 14*q**3/3 + 9*q**2. Calculate the remainder when i(19) is divided by 3.
0
Let j(a) be the first derivative of a**4/4 + 3*a**3 + a**2/2 - a + 14. What is the remainder when j(-6) is divided by 34?
33
Suppose -3 - 60 = -3*l. Let f(j) = 2*j**2 - 6*j + 5. Calculate the remainder when f(7) is divided by l.
19
Suppose 5*o + 0*o - 20 = 0. Let y(i) = i**3 - 5*i**2 + 5*i. Let d be y(o). Let m = d - -12. Calculate the remainder when 30 is divided by m.
14
Suppose -3*p + p + 98 = 0. Suppose -5*g + 250 = 5*h, g - 41 = -2*h + 7. Calculate the remainder when p is divided by (g/5)/(-4)*-5.
10
Let x(i) = i**2 - 2*i - 1. Suppose -2*v + 10 = 4. Let b be v + (3 - 2/1). What is the remainder when x(b) is divided by 4?
3
Let o(x) be the second derivative of x**